{"version":"1.0","provider_name":"Claudia Cruzado","provider_url":"https:\/\/ccviolenciaeigualdad.com\/en","title":"X Encuentro Estatal de APCG\u00e9nero - Claudia Cruzado","type":"rich","width":600,"height":338,"html":"<blockquote class=\"wp-embedded-content\" data-secret=\"PqomICpxk5\"><a href=\"https:\/\/ccviolenciaeigualdad.com\/en\/x-encuentro-estatal-de-apcgenero\/\">X State Meeting of APCG\u00e9nero<\/a><\/blockquote><iframe sandbox=\"allow-scripts\" security=\"restricted\" src=\"https:\/\/ccviolenciaeigualdad.com\/en\/x-encuentro-estatal-de-apcgenero\/embed\/#?secret=PqomICpxk5\" width=\"600\" height=\"338\" title=\"&#8220;X Encuentro Estatal de APCG\u00e9nero&#8221; &#8212; Claudia Cruzado\" data-secret=\"PqomICpxk5\" frameborder=\"0\" marginwidth=\"0\" marginheight=\"0\" scrolling=\"no\" class=\"wp-embedded-content\"><\/iframe><script>\n\/*! This file is auto-generated *\/\n!function(d,l){\"use strict\";l.querySelector&&d.addEventListener&&\"undefined\"!=typeof URL&&(d.wp=d.wp||{},d.wp.receiveEmbedMessage||(d.wp.receiveEmbedMessage=function(e){var t=e.data;if((t||t.secret||t.message||t.value)&&!\/[^a-zA-Z0-9]\/.test(t.secret)){for(var s,r,n,a=l.querySelectorAll('iframe[data-secret=\"'+t.secret+'\"]'),o=l.querySelectorAll('blockquote[data-secret=\"'+t.secret+'\"]'),c=new RegExp(\"^https?:$\",\"i\"),i=0;i<o.length;i++)o[i].style.display=\"none\";for(i=0;i<a.length;i++)s=a[i],e.source===s.contentWindow&&(s.removeAttribute(\"style\"),\"height\"===t.message?(1e3<(r=parseInt(t.value,10))?r=1e3:~~r<200&&(r=200),s.height=r):\"link\"===t.message&&(r=new URL(s.getAttribute(\"src\")),n=new URL(t.value),c.test(n.protocol))&&n.host===r.host&&l.activeElement===s&&(d.top.location.href=t.value))}},d.addEventListener(\"message\",d.wp.receiveEmbedMessage,!1),l.addEventListener(\"DOMContentLoaded\",function(){for(var e,t,s=l.querySelectorAll(\"iframe.wp-embedded-content\"),r=0;r<s.length;r++)(t=(e=s[r]).getAttribute(\"data-secret\"))||(t=Math.random().toString(36).substring(2,12),e.src+=\"#?secret=\"+t,e.setAttribute(\"data-secret\",t)),e.contentWindow.postMessage({message:\"ready\",secret:t},\"*\")},!1)))}(window,document);\n\/\/# sourceURL=https:\/\/ccviolenciaeigualdad.com\/wp-includes\/js\/wp-embed.min.js\n<\/script>","thumbnail_url":"https:\/\/ccviolenciaeigualdad.com\/wp-content\/uploads\/2025\/09\/Screenshot-2025-09-10-115845-1.png","thumbnail_width":214,"thumbnail_height":313,"description":"Redes, sinergias y profesionalizaci\u00f3n del sector de la igualdad 26 y 27 de septiembre de 2025 Facultad de RELACIONES LABORALES Y RECURSOS HUMANOS DE ALBACETE (CAMPUS UNIVERSITARIO) \u00a1TAMBI\u00c9N VIRTUAL! El Encuentro Estatal de APCG\u00e9nero es un espacio de referencia para profesionales de la igualdad, donde cada a\u00f1o nos reunimos para debatir sobre retos del sector, [&hellip;]"}

X Encuentro Estatal de APCGénero - Claudia Cruzado

<blockquote class="wp-embedded-content" data-secret="PqomICpxk5"><a href="https://ccviolenciaeigualdad.com/en/x-encuentro-estatal-de-apcgenero/">X State Meeting of APCGénero</a></blockquote><iframe sandbox="allow-scripts" security="restricted" src="https://ccviolenciaeigualdad.com/en/x-encuentro-estatal-de-apcgenero/embed/#?secret=PqomICpxk5" width="600" height="338" title="&#8220;X Encuentro Estatal de APCGénero&#8221; &#8212; Claudia Cruzado" data-secret="PqomICpxk5" frameborder="0" marginwidth="0" marginheight="0" scrolling="no" class="wp-embedded-content"></iframe><script>
/*! This file is auto-generated */
!function(d,l){"use strict";l.querySelector&&d.addEventListener&&"undefined"!=typeof URL&&(d.wp=d.wp||{},d.wp.receiveEmbedMessage||(d.wp.receiveEmbedMessage=function(e){var t=e.data;if((t||t.secret||t.message||t.value)&&!/[^a-zA-Z0-9]/.test(t.secret)){for(var s,r,n,a=l.querySelectorAll('iframe[data-secret="'+t.secret+'"]'),o=l.querySelectorAll('blockquote[data-secret="'+t.secret+'"]'),c=new RegExp("^https?:$","i"),i=0;i<o.length;i++)o[i].style.display="none";for(i=0;i<a.length;i++)s=a[i],e.source===s.contentWindow&&(s.removeAttribute("style"),"height"===t.message?(1e3<(r=parseInt(t.value,10))?r=1e3:~~r<200&&(r=200),s.height=r):"link"===t.message&&(r=new URL(s.getAttribute("src")),n=new URL(t.value),c.test(n.protocol))&&n.host===r.host&&l.activeElement===s&&(d.top.location.href=t.value))}},d.addEventListener("message",d.wp.receiveEmbedMessage,!1),l.addEventListener("DOMContentLoaded",function(){for(var e,t,s=l.querySelectorAll("iframe.wp-embedded-content"),r=0;r<s.length;r++)(t=(e=s[r]).getAttribute("data-secret"))||(t=Math.random().toString(36).substring(2,12),e.src+="#?secret="+t,e.setAttribute("data-secret",t)),e.contentWindow.postMessage({message:"ready",secret:t},"*")},!1)))}(window,document);
//# sourceURL=https://ccviolenciaeigualdad.com/wp-includes/js/wp-embed.min.js
</script>

Redes, sinergias y profesionalización del sector de la igualdad 26 y 27 de septiembre de 2025 Facultad de RELACIONES LABORALES Y RECURSOS HUMANOS DE ALBACETE (CAMPUS UNIVERSITARIO) ¡TAMBIÉN VIRTUAL! El Encuentro Estatal de APCGénero es un espacio de referencia para profesionales de la igualdad, donde cada año nos reunimos para debatir sobre retos del sector, [&hellip;]
